{"id":251,"date":"2024-11-25T12:33:44","date_gmt":"2024-11-25T11:33:44","guid":{"rendered":"https:\/\/asromacamp.it\/tagliacozzo\/?page_id=251"},"modified":"2025-12-15T17:29:59","modified_gmt":"2025-12-15T16:29:59","slug":"cookie-policy","status":"publish","type":"page","link":"https:\/\/asromacamp.it\/tagliacozzo\/cookie-policy\/","title":{"rendered":"Cookie Policy"},"content":{"rendered":"<header>\r\n\t<div class=\"img-cont\">\r\n\t\t<picture>\r\n\t\t\t<!-- WebP -->\r\n\t\t\t<source media=\"(max-width: 576px)\" srcset=\"\/tagliacozzo\/wp-content\/uploads\/2025\/12\/asr-faq-mob.webp\" type=\"image\/webp\">\r\n\t\t\t<source media=\"(max-width: 992px)\" srcset=\"\/tagliacozzo\/wp-content\/uploads\/2025\/12\/asr-faq-992.webp\" type=\"image\/webp\">\r\n\t\t\t<source media=\"(max-width: 1200px)\" srcset=\"\/tagliacozzo\/wp-content\/uploads\/2025\/12\/asr-faq-1200.webp\" type=\"image\/webp\">\r\n\t\t\t<source media=\"(max-width: 1400px)\" srcset=\"\/tagliacozzo\/wp-content\/uploads\/2025\/12\/asr-faq-1400.webp\" type=\"image\/webp\">\r\n\t\t\t<source media=\"(min-width: 1401px)\" srcset=\"\/tagliacozzo\/wp-content\/uploads\/2025\/12\/asr-faq-1920.webp\" type=\"image\/webp\">\r\n\r\n\t\t\t<!-- JPEG -->\r\n\t\t\t<source media=\"(max-width: 576px)\" srcset=\"\/tagliacozzo\/wp-content\/uploads\/2025\/12\/asr-faq-mob.jpg\" type=\"image\/jpeg\">\r\n\t\t\t<source media=\"(max-width: 992px)\" srcset=\"\/tagliacozzo\/wp-content\/uploads\/2025\/12\/asr-faq-992.jpg\" type=\"image\/jpeg\">\r\n\t\t\t<source media=\"(max-width: 1200px)\" srcset=\"\/tagliacozzo\/wp-content\/uploads\/2025\/12\/asr-faq-1200.jpg\" type=\"image\/jpeg\">\r\n\t\t\t<source media=\"(max-width: 1400px)\" srcset=\"\/tagliacozzo\/wp-content\/uploads\/2025\/12\/asr-faq-1400.jpg\" type=\"image\/jpeg\">\r\n\t\t\t<source media=\"(min-width: 1401px)\" srcset=\"\/tagliacozzo\/wp-content\/uploads\/2025\/12\/asr-faq-1920.jpg\" type=\"image\/jpeg\">\r\n\r\n\t\t\t<!-- Fallback -->\r\n\t\t\t<img decoding=\"async\" src=\"\/tagliacozzo\/wp-content\/uploads\/2025\/12\/asr-faq-1920.jpg\" alt=\"AS Roma Camp 2026\">\r\n\t\t<\/picture>\r\n\t<\/div>\r\n\t<div class=\"header-cont\">\r\n\t\t<div class=\"inner-page-title\">\r\n\t\t\t<h1>Cookie Policy<\/h1>\r\n\t\t\t<h2>AS ROMA CAMP TAGLIACOZZO<\/h2>\r\n\t\t<\/div>\r\n\t<\/div>\r\n<\/header>\r\n<div class=\"page-wrapper\">\r\n<div class=\"col-12\"><strong>COSA SONO I COOKIE<\/strong>\r\n\r\n<hr>\r\n\r\nI Cookie sono pacchetti di informazioni inviate da un web server (es. il sito) al browser Internet dell&#8217;utente, da quest&#8217;ultimo memorizzati automaticamente sul computer e rinviati automaticamente al server ad ogni successivo accesso al sito.\r\nPer default quasi tutti i browser web sono impostati per accettare automaticamente i cookie.\r\nTipicamente i cookie possono essere installati:\r\n<ul>\r\n \t<li>direttamente dal proprietario e\/o responsabile del sito web (c.d. cookie di prima parte);<\/li>\r\n \t<li>da responsabili estranei al sito web visitato dall&#8217;utente (c.d. cookie di terza parte). Ove non diversamente specificato, si rammenta che questi cookie ricadono sotto la diretta ed esclusiva responsabilit\u00e0 dello stesso gestore. Ulteriori informazioni sulla privacy e sul loro uso sono reperibili direttamente sui siti dei rispettivi gestori.<\/li>\r\n<\/ul>\r\nQuesto sito web pu\u00f2 utilizzare, anche in combinazione tra di loro i seguenti tipi di cookie classificati in base alle indicazioni del Garante Privacy e dei Pareri emessi in ambito Europeo dal Gruppo di Lavoro ex art. 29 del GDPR:\r\n<ul>\r\n \t<li><b>Sessione<\/b>, sono i cookie che non vengono memorizzati in modo persistente sul computer dell&#8217;utente e si cancellano con la chiusura del browser, sono strettamente limitati alla trasmissione di identificativi di sessione necessari per consentire l&#8217;esplorazione sicura ed efficiente del sito evitando il ricorso ad altre tecniche informatiche potenzialmente pregiudizievoli per la riservatezza della navigazione degli utenti.<\/li>\r\n \t<li><b>Persistenti<\/b>, sono i cookie che rimangono memorizzati sul disco rigido del computer fino alla loro scadenza o cancellazione da parte degli utenti\/visitatori. Tramite i cookie persistenti i visitatori che accedono al sito (o eventuali altri utenti che impiegano il medesimo computer) vengono automaticamente riconosciuti ad ogni visita. I visitatori possono impostare il browser del computer in modo tale che accetti\/rifiuti tutti i cookie o visualizzi un avviso ogni qual volta viene proposto un cookie, per poter valutare se accettarlo o meno. L&#8217;utente pu\u00f2, comunque, modificare la configurazione predefinita e disabilitare i cookie (cio\u00e8 bloccarli in via definitiva), impostando il livello di protezione pi\u00f9 elevato.<\/li>\r\n \t<li><b>Tecnici<\/b>, sono i cookie utilizzati per autenticarsi, per usufruire di contenuti multimediali tipo flash player o per consentire la scelta della lingua di navigazione. In generale non \u00e8 quindi necessario acquisire il consenso preventivo e informato dell&#8217;utente. Rientrano in questa fattispecie anche i cookie utilizzati per analizzare statisticamente gli accessi\/le visite al sito solo se utilizzati esclusivamente per scopi statistici e tramite la raccolta di informazioni in forma aggregata.<\/li>\r\n \t<li><b>Non tecnici<\/b>, sono tutti i cookie usati per finalit\u00e0 di profilazione e marketing. Il loro utilizzo sui terminali degli utenti \u00e8 vietato se questi non siano stati prima adeguatamente informati e non abbiano prestato al riguardo un valido consenso secondo la tecnica dell&#8217;opt-in. Questi tipi di cookie sono, a loro volta, raggruppabili in base alle funzioni che assolvono in:<\/li>\r\n \t<li><b>Analitycs<\/b>, sono i cookie utilizzati per raccogliere ed analizzare informazioni statistiche sugli accessi\/le visite al sito web. In alcuni casi, associati ad altre informazioni quali le credenziali inserite per l&#8217;accesso ad aree riservate (il proprio indirizzo di posta elettronica e la password), possono essere utilizzate per profilare l&#8217;utente (abitudini personali, siti visitati, contenuti scaricati, tipi di interazioni effettuate, ecc.).<\/li>\r\n \t<li><b>Widgets<\/b>, rientrano in questa categoria tutti quei componenti grafici di una interfaccia utente di un programma, che ha lo scopo di facilitare l&#8217;utente nell&#8217;interazione con il programma stesso. A titolo esemplificativo sono widget i cookie di facebook, google+, twitter.<\/li>\r\n \t<li><b>Advertsing<\/b>, rientrano in questa categoria i cookie utilizzati per fare pubblicit\u00e0 all&#8217;interno di un sito. Google, Tradedoubler rientrano in questa categoria.<\/li>\r\n \t<li><b>Web beacons<\/b>, rientrano in questa categoria i frammenti di codice che consentono a un sito web di trasferire o raccogliere informazioni attraverso la richiesta di un&#8217;immagine grafica. I siti web possono utilizzarli per diversi fini, quali l&#8217;analisi dell&#8217;uso dei siti web, attivit\u00e0 di controllo e reportistica sulle pubblicit\u00e0 e la personalizzazione di pubblicit\u00e0 e contenuti.<\/li>\r\n<\/ul>\r\n<\/div>\r\n<div class=\"row mt-5\">\r\n<div class=\"col-12\"><strong>I COOKIE PRESENTI ALL&#8217;INTERNO DI QUESTO SITO<\/strong>\r\n\r\n<hr>\r\n\r\n<b>Cookie tecnici che non richiedono consenso<\/b>\r\nASD TALIA ACADEMY installer\u00e0 sul suo dispositivo e, in particolare, nel suo browser o lascer\u00e0 installare a terzi alcuni cookie che ci sono necessari per acquisire o far acquisire a nostri partner informazioni statistiche in forma anonima e aggregata relative alla sua navigazione sulle pagine dei siti di nostra propriet\u00e0.\r\n\r\nSi tratta, in particolare, dei cookie relativi ai seguenti servizi di analisi statistica:\r\n<ul>\r\n \t<li>Google Analytics\r\nhttps:\/\/support.google.com\/analytics\/answer\/2763052?hl=it<\/li>\r\n<\/ul>\r\n<b>Cookie per i quali \u00e8 richiesto il consenso<\/b>\r\n\r\nQualora, inoltre, lei presti il relativo consenso attraverso una delle modalit\u00e0 semplificate descritte nell&#8217;informativa presentata al momento del suo primo accesso su un sito di ASD TALIA ACADEMY o seguendo le istruzioni che seguono, ASD TALIA ACADEMY potr\u00e0 installare e\/o lasciar installare alle societ\u00e0 terze qui di seguito indicate, ulteriori cookie, c.d. di profilazione, per i quali pu\u00f2 scegliere di modificare o revocare in tutto o in parte il consenso prestato mediante i link che seguono:\r\n<ul>\r\n \t<li>Facebook\r\nAttraverso i siti di ASD TALIA ACADEMY, Facebook, qualora presti il relativo consenso, potr\u00e0 trattare i suoi dati personali per consentirle un&#8217;esperienza di navigazione arricchita da funzionalit\u00e0 e servizi di social network\r\nhttps:\/\/www.facebook.com\/policies\/cookies\/<\/li>\r\n \t<li>Twitter\r\nAttraverso i siti di ASD TALIA ACADEMY, Twitter, qualora presti il relativo consenso, potr\u00e0 trattare i suoi dati personali per consentirle un&#8217;esperienza di navigazione arricchita da funzionalit\u00e0 e servizi di social network\r\nhttps:\/\/support.twitter.com\/articles\/20170519-uso-dei-cookie-e-di-altre-tecnologie-simili-da-parte-di-twitter<\/li>\r\n \t<li>Pinterest\r\nAttraverso i siti di ASD TALIA ACADEMY, Pinterest, qualora presti il relativo consenso, potr\u00e0 trattare i suoi dati personali per consentirle un&#8217;esperienza di navigazione arricchita da funzionalit\u00e0 e servizi di social network\r\nhttps:\/\/help.pinterest.com\/en\/articles\/personalization-and-data-other-websites<\/li>\r\n \t<li>Google Analytics\r\nI siti di ASD TALIA ACADEMY hanno attivato le funzioni pubblicitarie di Google Analytics, le funzioni pubblicitarie implementate sono: i rapporti sui dati demografici e sugli interessi di Google Analytics.\r\n\r\nL&#8217;attivazione di queste funzioni pubblicitarie consente a Google Analytics di raccogliere i dati sul traffico tramite i cookie per la pubblicit\u00e0 di Google e gli identificatori anonimi, oltre ai dati raccolti tramite un&#8217;implementazione standard di Google Analytics. I siti di ASD TALIA ACADEMY raccolgono e utilizzano i dati provenienti dalla pubblicit\u00e0 basata sugli interessi di Google o i dati sul pubblico di terze parti (ad es. et\u00e0, sesso e interessi) di Google Analytics e le funzioni di Google Analytics implementate in base alla pubblicit\u00e0 display (ad es. remarketing, rapporti sui dati demografici e sugli interessi di Google Analytics) solo a fini statistici e di analisi del pubblico. I dati sono raccolti ed aggregati in forma anonima mediante software proprietari o di terze parti (es. Google Analytics). I siti di ASD TALIA ACADEMY e fornitori terzi, tra cui Google, utilizzano sia cookie proprietari (come il cookie di Google Analytics) sia cookie di terze parti (come il cookie di DoubleClick) per informare, ottimizzare e pubblicare annunci sulla base delle precedenti visite degli utenti ai siti di ASD TALIA ACADEMY.\r\n\r\n\u00c8 possibile disattivare Google Analytics per la pubblicit\u00e0 display e personalizzare gli annunci della Rete Display di Google nei seguenti modi:\r\nUtilizzando le Impostazioni annunci:\r\nhttps:\/\/www.google.it\/settings\/ads\r\nAttraverso le componenti attualmente disponibili per la disattivazione di Google Analytics per il Web:\r\nhttps:\/\/tools.google.com\/dlpage\/gaoptout\/<\/li>\r\n<\/ul>\r\n<\/div>\r\n<\/div>\r\n<\/div>","protected":false},"excerpt":{"rendered":"<p>Cookie Policy AS ROMA CAMP TAGLIACOZZO COSA SONO I COOKIE I Cookie sono pacchetti di informazioni inviate da un web server (es. il sito) al browser Internet dell&#8217;utente, da quest&#8217;ultimo memorizzati automaticamente sul computer e rinviati automaticamente al server ad ogni successivo accesso al sito. Per default quasi tutti i browser web sono impostati per [&hellip;]<\/p>\n","protected":false},"author":1,"featured_media":0,"parent":0,"menu_order":0,"comment_status":"closed","ping_status":"closed","template":"","meta":{"footnotes":""},"class_list":["post-251","page","type-page","status-publish","hentry"],"yoast_head":"<!-- This site is optimized with the Yoast SEO plugin v27.3 - https:\/\/yoast.com\/product\/yoast-seo-wordpress\/ -->\n<title>Cookie Policy - AS Roma Camp 2026 | Tagliacozzo<\/title>\n<meta name=\"robots\" content=\"index, follow, max-snippet:-1, max-image-preview:large, max-video-preview:-1\" \/>\n<link rel=\"canonical\" href=\"https:\/\/asromacamp.it\/tagliacozzo\/cookie-policy\/\" \/>\n<meta property=\"og:locale\" content=\"it_IT\" \/>\n<meta property=\"og:type\" content=\"article\" \/>\n<meta property=\"og:title\" content=\"Cookie Policy - AS Roma Camp 2026 | Tagliacozzo\" \/>\n<meta property=\"og:description\" content=\"Cookie Policy AS ROMA CAMP TAGLIACOZZO COSA SONO I COOKIE I Cookie sono pacchetti di informazioni inviate da un web server (es. il sito) al browser Internet dell&#8217;utente, da quest&#8217;ultimo memorizzati automaticamente sul computer e rinviati automaticamente al server ad ogni successivo accesso al sito. Per default quasi tutti i browser web sono impostati per [&hellip;]\" \/>\n<meta property=\"og:url\" content=\"https:\/\/asromacamp.it\/tagliacozzo\/cookie-policy\/\" \/>\n<meta property=\"og:site_name\" content=\"AS Roma Camp 2026 | Tagliacozzo\" \/>\n<meta property=\"article:publisher\" content=\"https:\/\/www.facebook.com\/taliaacademy\/followers?locale=it_IT\" \/>\n<meta property=\"article:modified_time\" content=\"2025-12-15T16:29:59+00:00\" \/>\n<meta name=\"twitter:card\" content=\"summary_large_image\" \/>\n<meta name=\"twitter:label1\" content=\"Tempo di lettura stimato\" \/>\n\t<meta name=\"twitter:data1\" content=\"7 minuti\" \/>\n<script type=\"application\/ld+json\" class=\"yoast-schema-graph\">{\"@context\":\"https:\\\/\\\/schema.org\",\"@graph\":[{\"@type\":\"WebPage\",\"@id\":\"https:\\\/\\\/asromacamp.it\\\/tagliacozzo\\\/cookie-policy\\\/\",\"url\":\"https:\\\/\\\/asromacamp.it\\\/tagliacozzo\\\/cookie-policy\\\/\",\"name\":\"Cookie Policy - AS Roma Camp 2026 | Tagliacozzo\",\"isPartOf\":{\"@id\":\"https:\\\/\\\/asromacamp.it\\\/tagliacozzo\\\/#website\"},\"datePublished\":\"2024-11-25T11:33:44+00:00\",\"dateModified\":\"2025-12-15T16:29:59+00:00\",\"inLanguage\":\"it-IT\",\"potentialAction\":[{\"@type\":\"ReadAction\",\"target\":[\"https:\\\/\\\/asromacamp.it\\\/tagliacozzo\\\/cookie-policy\\\/\"]}]},{\"@type\":\"WebSite\",\"@id\":\"https:\\\/\\\/asromacamp.it\\\/tagliacozzo\\\/#website\",\"url\":\"https:\\\/\\\/asromacamp.it\\\/tagliacozzo\\\/\",\"name\":\"AS Roma Camp 2026 | Tagliacozzo\",\"description\":\"\",\"publisher\":{\"@id\":\"https:\\\/\\\/asromacamp.it\\\/tagliacozzo\\\/#organization\"},\"potentialAction\":[{\"@type\":\"SearchAction\",\"target\":{\"@type\":\"EntryPoint\",\"urlTemplate\":\"https:\\\/\\\/asromacamp.it\\\/tagliacozzo\\\/?s={search_term_string}\"},\"query-input\":{\"@type\":\"PropertyValueSpecification\",\"valueRequired\":true,\"valueName\":\"search_term_string\"}}],\"inLanguage\":\"it-IT\"},{\"@type\":\"Organization\",\"@id\":\"https:\\\/\\\/asromacamp.it\\\/tagliacozzo\\\/#organization\",\"name\":\"AS Roma Camp 2026 | Tagliacozzo\",\"url\":\"https:\\\/\\\/asromacamp.it\\\/tagliacozzo\\\/\",\"logo\":{\"@type\":\"ImageObject\",\"inLanguage\":\"it-IT\",\"@id\":\"https:\\\/\\\/asromacamp.it\\\/tagliacozzo\\\/#\\\/schema\\\/logo\\\/image\\\/\",\"url\":\"https:\\\/\\\/asromacamp.it\\\/tagliacozzo\\\/wp-content\\\/uploads\\\/2024\\\/11\\\/cropped-asroma-favicon.png\",\"contentUrl\":\"https:\\\/\\\/asromacamp.it\\\/tagliacozzo\\\/wp-content\\\/uploads\\\/2024\\\/11\\\/cropped-asroma-favicon.png\",\"width\":512,\"height\":512,\"caption\":\"AS Roma Camp 2026 | Tagliacozzo\"},\"image\":{\"@id\":\"https:\\\/\\\/asromacamp.it\\\/tagliacozzo\\\/#\\\/schema\\\/logo\\\/image\\\/\"},\"sameAs\":[\"https:\\\/\\\/www.facebook.com\\\/taliaacademy\\\/followers?locale=it_IT\"]}]}<\/script>\n<!-- \/ Yoast SEO plugin. -->","yoast_head_json":{"title":"Cookie Policy - AS Roma Camp 2026 | Tagliacozzo","robots":{"index":"index","follow":"follow","max-snippet":"max-snippet:-1","max-image-preview":"max-image-preview:large","max-video-preview":"max-video-preview:-1"},"canonical":"https:\/\/asromacamp.it\/tagliacozzo\/cookie-policy\/","og_locale":"it_IT","og_type":"article","og_title":"Cookie Policy - AS Roma Camp 2026 | Tagliacozzo","og_description":"Cookie Policy AS ROMA CAMP TAGLIACOZZO COSA SONO I COOKIE I Cookie sono pacchetti di informazioni inviate da un web server (es. il sito) al browser Internet dell&#8217;utente, da quest&#8217;ultimo memorizzati automaticamente sul computer e rinviati automaticamente al server ad ogni successivo accesso al sito. Per default quasi tutti i browser web sono impostati per [&hellip;]","og_url":"https:\/\/asromacamp.it\/tagliacozzo\/cookie-policy\/","og_site_name":"AS Roma Camp 2026 | Tagliacozzo","article_publisher":"https:\/\/www.facebook.com\/taliaacademy\/followers?locale=it_IT","article_modified_time":"2025-12-15T16:29:59+00:00","twitter_card":"summary_large_image","twitter_misc":{"Tempo di lettura stimato":"7 minuti"},"schema":{"@context":"https:\/\/schema.org","@graph":[{"@type":"WebPage","@id":"https:\/\/asromacamp.it\/tagliacozzo\/cookie-policy\/","url":"https:\/\/asromacamp.it\/tagliacozzo\/cookie-policy\/","name":"Cookie Policy - AS Roma Camp 2026 | Tagliacozzo","isPartOf":{"@id":"https:\/\/asromacamp.it\/tagliacozzo\/#website"},"datePublished":"2024-11-25T11:33:44+00:00","dateModified":"2025-12-15T16:29:59+00:00","inLanguage":"it-IT","potentialAction":[{"@type":"ReadAction","target":["https:\/\/asromacamp.it\/tagliacozzo\/cookie-policy\/"]}]},{"@type":"WebSite","@id":"https:\/\/asromacamp.it\/tagliacozzo\/#website","url":"https:\/\/asromacamp.it\/tagliacozzo\/","name":"AS Roma Camp 2026 | Tagliacozzo","description":"","publisher":{"@id":"https:\/\/asromacamp.it\/tagliacozzo\/#organization"},"potentialAction":[{"@type":"SearchAction","target":{"@type":"EntryPoint","urlTemplate":"https:\/\/asromacamp.it\/tagliacozzo\/?s={search_term_string}"},"query-input":{"@type":"PropertyValueSpecification","valueRequired":true,"valueName":"search_term_string"}}],"inLanguage":"it-IT"},{"@type":"Organization","@id":"https:\/\/asromacamp.it\/tagliacozzo\/#organization","name":"AS Roma Camp 2026 | Tagliacozzo","url":"https:\/\/asromacamp.it\/tagliacozzo\/","logo":{"@type":"ImageObject","inLanguage":"it-IT","@id":"https:\/\/asromacamp.it\/tagliacozzo\/#\/schema\/logo\/image\/","url":"https:\/\/asromacamp.it\/tagliacozzo\/wp-content\/uploads\/2024\/11\/cropped-asroma-favicon.png","contentUrl":"https:\/\/asromacamp.it\/tagliacozzo\/wp-content\/uploads\/2024\/11\/cropped-asroma-favicon.png","width":512,"height":512,"caption":"AS Roma Camp 2026 | Tagliacozzo"},"image":{"@id":"https:\/\/asromacamp.it\/tagliacozzo\/#\/schema\/logo\/image\/"},"sameAs":["https:\/\/www.facebook.com\/taliaacademy\/followers?locale=it_IT"]}]}},"_links":{"self":[{"href":"https:\/\/asromacamp.it\/tagliacozzo\/wp-json\/wp\/v2\/pages\/251","targetHints":{"allow":["GET"]}}],"collection":[{"href":"https:\/\/asromacamp.it\/tagliacozzo\/wp-json\/wp\/v2\/pages"}],"about":[{"href":"https:\/\/asromacamp.it\/tagliacozzo\/wp-json\/wp\/v2\/types\/page"}],"author":[{"embeddable":true,"href":"https:\/\/asromacamp.it\/tagliacozzo\/wp-json\/wp\/v2\/users\/1"}],"replies":[{"embeddable":true,"href":"https:\/\/asromacamp.it\/tagliacozzo\/wp-json\/wp\/v2\/comments?post=251"}],"version-history":[{"count":8,"href":"https:\/\/asromacamp.it\/tagliacozzo\/wp-json\/wp\/v2\/pages\/251\/revisions"}],"predecessor-version":[{"id":334,"href":"https:\/\/asromacamp.it\/tagliacozzo\/wp-json\/wp\/v2\/pages\/251\/revisions\/334"}],"wp:attachment":[{"href":"https:\/\/asromacamp.it\/tagliacozzo\/wp-json\/wp\/v2\/media?parent=251"}],"curies":[{"name":"wp","href":"https:\/\/api.w.org\/{rel}","templated":true}]}}